3 (base 7) in base 10?
-206
What is 245022 (base 8) in base 13?
2c5cb
What is -101001011101111 (base 2) in base 3?
-1002010100
Convert 202020 (base 3) to base 10.
546
Convert -1341 (base 9) to base 7.
-2641
-414 (base 13) to base 4
-22311
-101101100010 (base 2) to base 13
-1432
Convert 20112 (base 6) to base 16.
a4c
What is 1001200 (base 3) in base 10?
774
Convert -4013 (base 15) to base 9.
-20480
1115 (base 6) to base 12
19b
Convert 4435 (base 7) to base 14.
81c
Convert 736 (base 9) to base 10.
600
What is 3103 (base 4) in base 15?
e1
1101011001 (base 2) to base 12
5b5
What is -13431 (base 5) in base 15?
-4e6
Convert -321320 (base 4) to base 11.
-2868
What is 20e4 (base 15) in base 10?
6964
-66364 (base 7) to base 11
-11573
Convert -2213212 (base 4) to base 10.
-10726
-4186 (base 10) to base 15
-1391
Convert 1530 (base 6) to base 10.
414
-1504 (base 11) to base 7
-5441
What is -2642 (base 12) in base 9?
-5885
-8788 (base 10) to base 16
-2254
-31102 (base 4) to base 8
-1522
-14074 (base 9) to base 13
-4462
What is -14312 (base 7) in base 3?
-12101112
What is -24240 (base 5) in base 13?
-aa0
1331220 (base 4) to base 10
8040
What is 2053 (base 6) in base 3?
122020
Convert -1622 (base 8) to base 14.
-494
What is -3ed (base 15) in base 9?
-1207
What is -468 (base 10) in base 7?
-1236
1102121 (base 3) to base 12
72a
1011 (base 9) to base 4
23203
What is 12e (base 16) in base 7?
611
What is -72 (base 8) in base 12?
-4a
What is 11612 (base 8) in base 16?
138a
What is 1657 (base 12) in base 4?
221203
Convert 9905 (base 12) to base 4.
10013111
Convert b98 (base 14) to base 11.
17a2
Convert 545 (base 9) to base 3.
121112
-6317 (base 8) to base 13
-1653
Convert -121b (base 14) to base 6.
-22345
Convert -371 (base 15) to base 2.
-1100001101
Convert -23621 (base 7) to base 8.
-13774
Convert -111010000 (base 2) to base 16.
-1d0
10111100101001 (base 2) to base 10
12073
What is 503c (base 15) in base 10?
16932
What is -227 (base 13) in base 10?
-371
Convert 222321 (base 5) to base 16.
1e9c
What is -161 (base 11) in base 15?
-c8
-22aa2 (base 11) to base 15
-9ccb
Convert 1424 (base 5) to base 8.
357
What is -c96 (base 14) in base 7?
-10146
-14006 (base 7) to base 6
-25255
Convert -303231 (base 4) to base 6.
-23153
132020 (base 4) to base 6
12532
What is -9c8 (base 14) in base 10?
-1940
-2413003 (base 5) to base 13
-174a7
Convert -3795 (base 12) to base 13.
-2b40
What is 3845 (base 12) in base 11?
4889
What is 100222202 (base 3) in base 9?
10882
Convert -105 (base 8) to base 2.
-1000101
What is 4143 (base 5) in base 7?
1412
5342 (base 8) to base 13
1364
7453 (base 8) to base 13
19c9
41331 (base 5) to base 4
222130
What is -8ab0 (base 13) in base 2?
-100101111010001
What is -124 (base 12) in base 9?
-211
What is -231 (base 9) in base 16?
-be
What is 10211 (base 6) in base 10?
1375
Convert -2061 (base 7) to base 6.
-3213
What is -31012 (base 4) in base 5?
-11323
What is 648 (base 9) in base 10?
530
Convert 18dc (base 14) to base 10.
4506
What is 101111001 (base 2) in base 5?
3002
Convert 22203 (base 7) to base 2.
1010111010101
1010123 (base 4) to base 5
120004
Convert 10220010 (base 3) to base 13.
13a4
What is 101220 (base 3) in base 13?
198
Convert -2042 (base 5) to base 7.
-536
Convert 4636 (base 10) to base 15.
1591
What is -215336 (base 7) in base 13?
-14339
Convert -233040 (base 6) to base 5.
-1120422
What is 6568 (base 14) in base 8?
42200
Convert -1a25 (base 11) to base 7.
-10326
15a (base 15) to base 5
2220
Convert -30303 (base 5) to base 4.
-132201
10111 (base 4) to base 3
101021
What is -100201022 (base 3) in base 9?
-10638
-73051 (base 8) to base 15
-8e69
Convert -354 (base 12) to base 10.
-496
Convert 132005 (base 6) to base 4.
2331011
Convert 10010102111 (base 3) to base 16.
f06a
What is -334 (base 5) in base 2?
-1011110
Convert 12 (base 9) to base 6.
15
-1209 (base 11) to base 14
-810
What is 637 (base 10) in base 8?
1175
310 (base 16) to base 4
30100
Convert -147 (base 13) to base 6.
-1020
What is 1834 (base 10) in base 13?
ab1
What is -312 (base 16) in base 12?
-556
Convert -211443 (base 5) to base 13.
-331c
What is 773 (base 8) in base 2?
111111011
What is -d76 (base 15) in base 11?
-2310
What is 643 (base 16) in base 11?
1228
What is -111000111 (base 2) in base 13?
-290
22388 (base 11) to base 5
2014103
10100000111 (base 2) to base 7
3516
-958 (base 10) to base 7
-2536
Convert 24055 (base 6) to base 12.
202b
Convert 6416 (base 7) to base 4.
203123
Convert -212352 (base 6) to base 14.
-64c4
-122020 (base 4) to base 14
-876
-120 (base 10) to base 7
-231
15a6 (base 12) to base 3
10112100
Convert 40e2 (base 15) to base 16.
3590
2241 (base 7) to base 12
579
-241 (base 11) to base 2
-100011111
11000011010101 (base 2) to base 13
58c8
What is 106 (base 7) in base 16?
37
Convert 313233 (base 4) to base 11.
2753
-1300 (base 8) to base 11
-590
-445 (base 8) to base 12
-205
526 (base 13) to base 10
877
What is -10371 (base 10) in base 7?
-42144
What is -2a76 (base 12) in base 6?
-35030
-1468 (base 12) to base 5
-34014
What is 63430 (base 7) in base 8?
36444
What is 100100101001101 (base 2) in base 11?
1310a
Convert -1122121 (base 5) to base 15.
-6026
What is 110001110000 (base 2) in base 12?
1a14
28746 (base 12) to base 15
11a73
Convert 5727 (base 10) to base 7.
22461
Convert -12485 (base 12) to base 4.
-12010211
What is 230231 (base 8) in base 14?
205bb
What is 240 (base 10) in base 4?
3300
7ab (base 15) to base 14
8c0
Convert -3331322 (base 4) to base 14.
-5cca
4441 (base 10) to base 15
14b1
-12010302 (base 4) to base 7
-132354
Convert 66a (base 12) to base 15.
431
-1109b (base 13) to base 4
-13202212
Convert 21011122 (base 3) to base 10.
5228
4517 (base 8) to base 2
100101001111
What is -189 (base 12) in base 7?
-504
756 (base 9) to base 10
618
Convert -1131 (base 6) to base 2.
-100001111
-a11 (base 13) to base 11
-130a
What is -800 (base 9) in base 5?
-10043
-1578 (base 15) to base 7
-16310
Convert 7a50 (base 16) to base 4.
13221100
What is -2210102021 (base 3) in base 2?
-1101011011000011
120121120 (base 3) to base 4
2301312
What is 322b9 (base 12) in base 6?
1225553
-21026 (base 7) to base 10
-5165
Convert -176 (base 12) to base 10.
-234
Convert -120112011 (base 3) to base 10.
-11317
Convert 1224421 (base 5) to base 16.
5cb8
12 (base 12) to base 8
16
What is -10511 (base 11) in base 9?
-22833
Convert 685 (base 11) to base 12.
583
Convert 215515 (base 6) to base 13.
832a
What is 22 (base 13) in base 6?
44
160640 (base 7) to base 3
1121020222
3436 (base 8) to base 2
11100011110
Convert 1100220 (base 3) to base 11.
826
1101010100100 (base 2) to base 12
3b44
What is -7dc (base 14) in base 6?
-11130
Convert 725 (base 8) to base 6.
2101
What is -2000012222 (base 3) in base 9?
-60188
Convert -20222111 (base 3) to base 11.
-3907
What is 1202 (base 14) in base 2?
110001000010
Convert 237 (base 14) to base 16.
1b9
-2010 (base 6) to base 3
-121020
What is -553 (base 10) in base 15?
-26d
Convert 101001111110 (base 2) to base 7.
10555
What is 534 (base 11) in base 3?
212210
Convert a4e (base 16) to base 12.
163a
What is -425 (base 7) in base 12?
-15b
What is c8a (base 15) in base 4?
230032
-15839 (base 10) to base 8
-36737
-4509 (base 13) to base 4
-2112222
-100123233 (base 4) to base 9
-112300
-1120220 (base 3) to base 6
-5210
Convert 4a1 (base 15) to base 10.
1051
What is 23b8 (base 15) in base 11?
5788
14026 (base 13) to base 3
1220021111
What is 3540 (base 6) in base 3?
1011120
Convert 1c43 (base 13) to base 3.
12212112
What is 11110010 (base 2) in base 5?
1432
1240 (base 13) to base 14
d2b
Convert -1010011101000 (base 2) to base 5.
-132402
What is 6520 (base 10) in base 14?
253a
-123 (base 4) to base 6
-43
-561 (base 8) to base 5
-2434
What is -10a5 (base 13) in base 4?
-210130
-124b (base 15) to base 6
-30012
What is -757 (base 12) in base 7?
-3064
Convert -431 (base 15) to base 10.
-946
Convert 2847 (base 11) to base 14.
14ad
What is -56 (base 9) in base 11?
-47
-112233 (base 6) to base 9
-14143
What is -434 (base 9) in base 4?
-11203
-13040 (base 7) to base 3
-11202002
-6122 (base 12) to base 5
-314123
25781 (base 13) to base 12
341ab
What is 313 (base 9) in base 7?
513
Convert 451535 (base 6) to base 9.
57115
-215 (base 15) to base 12
-332
Convert 140